he tens digit of 61070?
7
What is the tens digit of 261447?
4
What is the thousands digit of 233308?
3
What is the ten thousands digit of 128888?
2
What is the thousands digit of 11270898?
0
What is the millions digit of 1059985?
1
What is the units digit of 57190?
0
What is the units digit of 693614?
4
What is the hundreds digit of 2494190?
1
What is the thousands digit of 827529?
7
What is the thousands digit of 1695306?
5
What is the thousands digit of 2510980?
0
What is the ten thousands digit of 111489?
1
What is the ten thousands digit of 7772889?
7
What is the ten millions digit of 23988577?
2
What is the thousands digit of 1738153?
8
What is the hundreds digit of 843530?
5
What is the ten thousands digit of 1834084?
3
What is the hundred thousands digit of 9687499?
6
What is the units digit of 786601?
1
What is the ten thousands digit of 59076?
5
What is the ten thousands digit of 8833532?
3
What is the units digit of 123447?
7
What is the thousands digit of 5897406?
7
What is the hundreds digit of 33719301?
3
What is the ten thousands digit of 159133?
5
What is the units digit of 3992067?
7
What is the ten thousands digit of 15346967?
4
What is the hundreds digit of 113786?
7
What is the hundred thousands digit of 848743?
8
What is the hundreds digit of 902887?
8
What is the units digit of 1050170?
0
What is the thousands digit of 138761?
8
What is the hundreds digit of 247310?
3
What is the hundreds digit of 67279?
2
What is the hundred thousands digit of 906111?
9
What is the hundreds digit of 1059471?
4
What is the hundred thousands digit of 294634?
2
What is the millions digit of 21791509?
1
What is the units digit of 10849847?
7
What is the tens digit of 68036?
3
What is the hundred thousands digit of 7025411?
0
What is the hundreds digit of 6841588?
5
What is the millions digit of 4741122?
4
What is the ten thousands digit of 50519?
5
What is the ten thousands digit of 12530363?
3
What is the hundred thousands digit of 216774?
2
What is the ten thousands digit of 212174?
1
What is the hundreds digit of 49194?
1
What is the hundreds digit of 3227?
2
What is the hundred thousands digit of 8585735?
5
What is the hundreds digit of 527650?
6
What is the hundreds digit of 426715?
7
What is the units digit of 249643?
3
What is the hundreds digit of 19052?
0
What is the ten thousands digit of 4834035?
3
What is the ten thousands digit of 12117443?
1
What is the hundred thousands digit of 5932421?
9
What is the units digit of 248079?
9
What is the hundreds digit of 595955?
9
What is the millions digit of 2305151?
2
What is the tens digit of 490198?
9
What is the hundreds digit of 7945817?
8
What is the ten thousands digit of 1310226?
1
What is the units digit of 1051590?
0
What is the ten thousands digit of 56305?
5
What is the hundred thousands digit of 8409139?
4
What is the tens digit of 205298?
9
What is the tens digit of 7032979?
7
What is the hundreds digit of 290923?
9
What is the ten thousands digit of 2248682?
4
What is the hundred thousands digit of 8328313?
3
What is the hundred thousands digit of 16250330?
2
What is the hundreds digit of 163846?
8
What is the ten thousands digit of 458412?
5
What is the ten thousands digit of 5378679?
7
What is the hundreds digit of 1272428?
4
What is the units digit of 192198?
8
What is the units digit of 768646?
6
What is the thousands digit of 77501?
7
What is the ten thousands digit of 7473726?
7
What is the tens digit of 155714?
1
What is the tens digit of 224730?
3
What is the tens digit of 4704436?
3
What is the ten thousands digit of 3670671?
7
What is the tens digit of 14650?
5
What is the thousands digit of 2750864?
0
What is the thousands digit of 187009?
7
What is the tens digit of 360851?
5
What is the hundred thousands digit of 621389?
6
What is the hundred thousands digit of 3412399?
4
What is the units digit of 5899609?
9
What is the tens digit of 2241831?
3
What is the hundreds digit of 30764?
7
What is the tens digit of 165559?
5
What is the units digit of 521415?
5
What is the ten thousands digit of 185823?
8
What is the hundreds digit of 625938?
9
What is the tens digit of 1846526?
2
What is the hundreds digit of 1640202?
2
What is the hundred thousands digit of 14900193?
9
What is the hundred thousands digit of 10824326?
8
What is the thousands digit of 666983?
6
What is the hundreds digit of 292609?
6
What is the units digit of 51020?
0
What is the thousands digit of 910687?
0
What is the ten thousands digit of 67595?
6
What is the ten thousands digit of 639121?
3
What is the hundreds digit of 10942?
9
What is the ten thousands digit of 37669294?
6
What is the thousands digit of 553003?
3
What is the units digit of 649738?
8
What is the hundreds digit of 3547854?
8
What is the hundred thousands digit of 251123?
2
What is the tens digit of 914506?
0
What is the units digit of 357496?
6
What is the hundred thousands digit of 2311396?
3
What is the units digit of 13232209?
9
What is the ten thousands digit of 1429523?
2
What is the units digit of 449709?
9
What is the millions digit of 2659810?
2
What is the hundred thousands digit of 2826371?
8
What is the units digit of 66964?
4
What is the units digit of 651765?
5
What is the ten thousands digit of 209563?
0
What is the hundreds digit of 1209?
2
What is the hundred thousands digit of 3778900?
7
What is the tens digit of 399346?
4
What is the hundreds digit of 115655?
6
What is the ten thousands digit of 6073153?
7
What is the units digit of 310649?
9
What is the hundreds digit of 433239?
2
What is the units digit of 540401?
1
What is the tens digit of 302170?
7
What is the ten thousands digit of 2729846?
2
What is the thousands digit of 464332?
4
What is the hundreds digit of 5589913?
9
What is the thousands digit of 722117?
2
What is the hundreds digit of 512920?
9
What is the hundreds digit of 172434?
4
What is the hundreds digit of 1253433?
4
What is the tens digit of 542567?
6
What is the thousands digit of 1908515?
8
What is the thousands digit of 2653374?
3
What is the thousands digit of 584064?
4
What is the hundred thousands digit of 491957?
4
What is the hundred thousands digit of 2012616?
0
What is the hundreds digit of 6006921?
9
What is the tens digit of 822916?
1
What is the tens digit of 202958?
5
What is the units digit of 51857?
7
What is the hundreds digit of 713253?
2
What is the hundred thousands digit of 475626?
4
What is the millions digit of 10131995?
0
What is the thousands digit of 44233?
4
What is the millions digit of 2209048?
2
What is the hundreds digit of 227661?
6
What is the thousands digit of 16164641?
4
What is the hundreds digit of 2694566?
5
What is the hundred thousands digit of 2836338?
8
What is the thousands digit of 892472?
2
What is the thousands digit of 6090154?
0
What is the hundreds digit of 1797318?
3
What is the hundred thousands digit of 1678273?
6
What is the hundreds digit of 48028?
0
What is the ten thousands digit of 183942?
8
What is the units digit of 82129?
9
What is the millions digit of 10551040?
0
What is the units digit of 9624636?
6
What is the tens digit of 2083904?
0
What is the thousands digit of 111808?
1
What is the tens digit of 676669?
6
What is the tens digit of 1453614?
1
What is the hundreds digit of 6878240?
2
What is the tens digit of 229204?
0
What is the thousands digit of 939628?
9
What is the units digit of 603847?
7
What is the millions digit of 9505383?
9
What is the tens digit of 525205?
0
What is the ten thousands digit of 360451?
6
What is the hundred thousands digit of 7705143?
7
What is the ten thousands digit of 153036?
5
What is the hundred thousands digit of 372579?
3
What is the tens digit of 2133652?
5
What is the hundreds digit of 61796?
7
What is the hundred thousands digit of 241121?
2
What is the ten thousands digit of 27322678?
2
What is the units digit of 11482539?
9
What is the hundreds digit of 229877?
8
What is the hundreds digit of 1028645?
6
What is the units digit of 1790290?
0
What is the hundred thousands digit of 3665908?
6
What is the hundreds digit of 13529259?
2
What is the tens digit of 8915845?
4
What is the hundred thousands digit of 440024?
4
What is the ten thousands digit of 375588?
7
What is the hundreds 